{"id":17,"date":"2014-05-30T15:11:42","date_gmt":"2014-05-30T14:11:42","guid":{"rendered":"http:\/\/www.seclantas-adentro-vinos.com\/?page_id=17"},"modified":"2023-06-06T18:44:31","modified_gmt":"2023-06-06T17:44:31","slug":"vinedos-cerca-del-cielo","status":"publish","type":"page","link":"https:\/\/www.seclantas-adentro-vinos.com\/es\/vinedos-cerca-del-cielo\/","title":{"rendered":"Vi\u00f1edos cerca del cielo"},"content":{"rendered":"<h2><a href=\"http:\/\/www.seclantas-adentro-vinos.com\/wp-content\/uploads\/2015\/01\/IMG_2783-e1422723309279.jpg\"><img loading=\"lazy\" decoding=\"async\" class=\"size-medium wp-image-270 aligncenter\" src=\"http:\/\/www.seclantas-adentro-vinos.com\/wp-content\/uploads\/2015\/01\/IMG_2783-666x500.jpg\" alt=\"IMG_2783\" width=\"666\" height=\"500\" \/><\/a><\/h2>\n<h2 id=\"lugar\" style=\"text-align: center;\">Lugar<\/h2>\n<p>La provincia de Salta es reconocida por su extraordinaria belleza y su patrimonio vitivin\u00edcola centenario. La gran mayor\u00eda de sus vides est\u00e1n plantadas en los Valles Calchaqu\u00edes, una sucesi\u00f3n de valles que se extienden de norte a sur a lo largo de la precordillera andina y cuyo majestuoso paisaje est\u00e1 dominado por un desierto mineral intercalado con algunos oasis de verdor a lo largo de las riberas de los r\u00edos.<br \/>\nLas principales haciendas vitivin\u00edcolas se concentran en torno a Cafayate, un peque\u00f1o poblado ubicado a 1700 metros sobre el nivel del mar, mientras que los Altos Valles Calchaqu\u00edes, de dif\u00edcil acceso y con pocos recursos, son la \u00faltima frontera, donde cultivar vides y elaborar vino es un logro.<br \/>\nEn el coraz\u00f3n de los Altos Valles Calchaqu\u00edes, a 2200 metros sobre el nivel del mar, nuestra finca de tan s\u00f3lo 4 hect\u00e1reas de vi\u00f1edos se ubica en el peque\u00f1o pueblo hom\u00f3nimo de Seclantas Adentro.<\/p>\n<h2 style=\"text-align: center;\"><a href=\"http:\/\/www.seclantas-adentro-vinos.com\/wp-content\/uploads\/2015\/01\/IMG_00592-e1422727957764.jpg\"><img loading=\"lazy\" decoding=\"async\" class=\"alignnone  wp-image-277\" src=\"http:\/\/www.seclantas-adentro-vinos.com\/wp-content\/uploads\/2015\/01\/IMG_00592-750x500.jpg\" alt=\"IMG_0059\" width=\"674\" height=\"449\" \/><\/a><\/h2>\n<h2 id=\"terruno\" style=\"text-align: center;\">Terru\u00f1o<\/h2>\n<p>A esta altura, las condiciones clim\u00e1ticas son extremas: la radiaci\u00f3n solar es particularmente intensa, los inviernos son fr\u00edos, las heladas son frecuentes y la amplitud t\u00e9rmica, es decir, la diferencia de temperatura entre el d\u00eda y la noche, puede alcanzar los 25\u00b0C en verano.<br \/>\nEsta diferencia de temperatura favorece la concentraci\u00f3n de taninos y la conservaci\u00f3n de la acidez en las uvas.<br \/>\nEl suelo es arenoso con piedras calizas. Est\u00e1 formado por dep\u00f3sitos aluviales sobre una base de granito. Muy profundo, bajo en materia org\u00e1nica y permeable, permite que la uva desarrolle aromas \u00fanicos.<\/p>\n<div id=\"attachment_143\" style=\"width: 729px\" class=\"wp-caption aligncenter\"><a href=\"http:\/\/www.seclantas-adentro-vinos.com\/wp-content\/uploads\/2014\/07\/IMG_0177-e1422723505664.jpg\"><img loading=\"lazy\" decoding=\"async\" aria-describedby=\"caption-attachment-143\" class=\"size-medium wp-image-143\" src=\"http:\/\/www.seclantas-adentro-vinos.com\/wp-content\/uploads\/2014\/07\/IMG_0177-719x500.jpg\" alt=\"uvas de malbec en las vinas\" width=\"719\" height=\"500\" \/><\/a><p id=\"caption-attachment-143\" class=\"wp-caption-text\">uvas de malbec en las vi\u00f1as<\/p><\/div>\n<h2 id=\"las-vinas\" style=\"text-align: center;\">Vi\u00f1as<\/h2>\n<p>Desde 2007 plantamos 4 hect\u00e1reas de vi\u00f1as francas de pi\u00e9 con una exposici\u00f3n \u00f3ptima para cada una de las variedades de uva. Si el malbec recibe el sol directamente, el tannat est\u00e1 protegido por el follaje de los molles o aguaribay, \u00e1rboles de pimienta rosa.<br \/>\nDesde un principio, la gesti\u00f3n de la finca tuvo como objetivo la m\u00ednima intervenci\u00f3n en el vi\u00f1edo y el absoluto respeto por el terru\u00f1o.<br \/>\nEl agua, vital para la supervivencia de las vides en este ambiente des\u00e9rtico, proviene de los deshielos de los Andes en primavera y de las lluvias en las altas monta\u00f1as en verano. Es conducida por canales de una notable complejidad que datan de la \u00e9poca de los Incas y son administrados por la comunidad.<br \/>\nDesde el vi\u00f1edo hasta la bodega, todas las etapas de la elaboraci\u00f3n del vino son \u00edntegramente artesanales, reflejando as\u00ed nuestra visi\u00f3n exigente, respetuosa de la tierra y sus productos.<br \/>\nEl momento de la vendimia se elige cada a\u00f1o cuando la uva est\u00e1 en su punto \u00f3ptimo de maduraci\u00f3n.<br \/>\nLos rendimientos son muy bajos, como se puede imaginar, en torno a los 20 hl\/ha.<\/p>\n","protected":false},"excerpt":{"rendered":"<p>Lugar La provincia de Salta es reconocida por su extraordinaria belleza y su patrimonio vitivin\u00edcola centenario. La gran mayor\u00eda de sus vides est\u00e1n plantadas en los Valles Calchaqu\u00edes, una sucesi\u00f3n de valles que se extienden de norte a sur a lo largo de la precordillera andina y cuyo majestuoso paisaje est\u00e1 dominado por un desierto [&hellip;]<\/p>\n","protected":false},"author":1,"featured_media":0,"parent":0,"menu_order":0,"comment_status":"open","ping_status":"closed","template":"template-fullwidth.php","meta":{"_mi_skip_tracking":false,"footnotes":""},"class_list":["post-17","page","type-page","status-publish","hentry"],"yoast_head":"<!-- This site is optimized with the Yoast SEO plugin v20.4 - https:\/\/yoast.com\/wordpress\/plugins\/seo\/ -->\n<title>Vi\u00f1edos cerca del cielo - Seclantas Adentro<\/title>\n<meta name=\"robots\" content=\"index, follow, max-snippet:-1, max-image-preview:large, max-video-preview:-1\" \/>\n<link rel=\"canonical\" href=\"https:\/\/www.seclantas-adentro-vinos.com\/es\/vinedos-cerca-del-cielo\/\" \/>\n<meta property=\"og:locale\" content=\"es_ES\" \/>\n<meta property=\"og:type\" content=\"article\" \/>\n<meta property=\"og:title\" content=\"Vi\u00f1edos cerca del cielo - Seclantas Adentro\" \/>\n<meta property=\"og:description\" content=\"Lugar La provincia de Salta es reconocida por su extraordinaria belleza y su patrimonio vitivin\u00edcola centenario. La gran mayor\u00eda de sus vides est\u00e1n plantadas en los Valles Calchaqu\u00edes, una sucesi\u00f3n de valles que se extienden de norte a sur a lo largo de la precordillera andina y cuyo majestuoso paisaje est\u00e1 dominado por un desierto [&hellip;]\" \/>\n<meta property=\"og:url\" content=\"https:\/\/www.seclantas-adentro-vinos.com\/es\/vinedos-cerca-del-cielo\/\" \/>\n<meta property=\"og:site_name\" content=\"Seclantas Adentro\" \/>\n<meta property=\"article:publisher\" content=\"https:\/\/www.facebook.com\/seclantas.adentro\" \/>\n<meta property=\"article:modified_time\" content=\"2023-06-06T17:44:31+00:00\" \/>\n<meta property=\"og:image\" content=\"http:\/\/www.seclantas-adentro-vinos.com\/wp-content\/uploads\/2015\/01\/IMG_2783-666x500.jpg\" \/>\n<meta name=\"twitter:card\" content=\"summary_large_image\" \/>\n<meta name=\"twitter:label1\" content=\"Tiempo de lectura\" \/>\n\t<meta name=\"twitter:data1\" content=\"3 minutos\" \/>\n<script type=\"application\/ld+json\" class=\"yoast-schema-graph\">{\"@context\":\"https:\/\/schema.org\",\"@graph\":[{\"@type\":\"WebPage\",\"@id\":\"https:\/\/www.seclantas-adentro-vinos.com\/es\/vinedos-cerca-del-cielo\/\",\"url\":\"https:\/\/www.seclantas-adentro-vinos.com\/es\/vinedos-cerca-del-cielo\/\",\"name\":\"Vi\u00f1edos cerca del cielo - Seclantas Adentro\",\"isPartOf\":{\"@id\":\"https:\/\/www.seclantas-adentro-vinos.com\/es\/#website\"},\"datePublished\":\"2014-05-30T14:11:42+00:00\",\"dateModified\":\"2023-06-06T17:44:31+00:00\",\"breadcrumb\":{\"@id\":\"https:\/\/www.seclantas-adentro-vinos.com\/es\/vinedos-cerca-del-cielo\/#breadcrumb\"},\"inLanguage\":\"es\",\"potentialAction\":[{\"@type\":\"ReadAction\",\"target\":[\"https:\/\/www.seclantas-adentro-vinos.com\/es\/vinedos-cerca-del-cielo\/\"]}]},{\"@type\":\"BreadcrumbList\",\"@id\":\"https:\/\/www.seclantas-adentro-vinos.com\/es\/vinedos-cerca-del-cielo\/#breadcrumb\",\"itemListElement\":[{\"@type\":\"ListItem\",\"position\":1,\"name\":\"Accueil\",\"item\":\"https:\/\/www.seclantas-adentro-vinos.com\/es\/\"},{\"@type\":\"ListItem\",\"position\":2,\"name\":\"Vi\u00f1edos cerca del cielo\"}]},{\"@type\":\"WebSite\",\"@id\":\"https:\/\/www.seclantas-adentro-vinos.com\/es\/#website\",\"url\":\"https:\/\/www.seclantas-adentro-vinos.com\/es\/\",\"name\":\"Seclantas Adentro\",\"description\":\"An exceptional wine  The quintessence of the Calchaqu\u00ed Valley.\",\"potentialAction\":[{\"@type\":\"SearchAction\",\"target\":{\"@type\":\"EntryPoint\",\"urlTemplate\":\"https:\/\/www.seclantas-adentro-vinos.com\/es\/?s={search_term_string}\"},\"query-input\":\"required name=search_term_string\"}],\"inLanguage\":\"es\"}]}<\/script>\n<!-- \/ Yoast SEO plugin. -->","yoast_head_json":{"title":"Vi\u00f1edos cerca del cielo - Seclantas Adentro","robots":{"index":"index","follow":"follow","max-snippet":"max-snippet:-1","max-image-preview":"max-image-preview:large","max-video-preview":"max-video-preview:-1"},"canonical":"https:\/\/www.seclantas-adentro-vinos.com\/es\/vinedos-cerca-del-cielo\/","og_locale":"es_ES","og_type":"article","og_title":"Vi\u00f1edos cerca del cielo - Seclantas Adentro","og_description":"Lugar La provincia de Salta es reconocida por su extraordinaria belleza y su patrimonio vitivin\u00edcola centenario. La gran mayor\u00eda de sus vides est\u00e1n plantadas en los Valles Calchaqu\u00edes, una sucesi\u00f3n de valles que se extienden de norte a sur a lo largo de la precordillera andina y cuyo majestuoso paisaje est\u00e1 dominado por un desierto [&hellip;]","og_url":"https:\/\/www.seclantas-adentro-vinos.com\/es\/vinedos-cerca-del-cielo\/","og_site_name":"Seclantas Adentro","article_publisher":"https:\/\/www.facebook.com\/seclantas.adentro","article_modified_time":"2023-06-06T17:44:31+00:00","og_image":[{"url":"http:\/\/www.seclantas-adentro-vinos.com\/wp-content\/uploads\/2015\/01\/IMG_2783-666x500.jpg"}],"twitter_card":"summary_large_image","twitter_misc":{"Tiempo de lectura":"3 minutos"},"schema":{"@context":"https:\/\/schema.org","@graph":[{"@type":"WebPage","@id":"https:\/\/www.seclantas-adentro-vinos.com\/es\/vinedos-cerca-del-cielo\/","url":"https:\/\/www.seclantas-adentro-vinos.com\/es\/vinedos-cerca-del-cielo\/","name":"Vi\u00f1edos cerca del cielo - Seclantas Adentro","isPartOf":{"@id":"https:\/\/www.seclantas-adentro-vinos.com\/es\/#website"},"datePublished":"2014-05-30T14:11:42+00:00","dateModified":"2023-06-06T17:44:31+00:00","breadcrumb":{"@id":"https:\/\/www.seclantas-adentro-vinos.com\/es\/vinedos-cerca-del-cielo\/#breadcrumb"},"inLanguage":"es","potentialAction":[{"@type":"ReadAction","target":["https:\/\/www.seclantas-adentro-vinos.com\/es\/vinedos-cerca-del-cielo\/"]}]},{"@type":"BreadcrumbList","@id":"https:\/\/www.seclantas-adentro-vinos.com\/es\/vinedos-cerca-del-cielo\/#breadcrumb","itemListElement":[{"@type":"ListItem","position":1,"name":"Accueil","item":"https:\/\/www.seclantas-adentro-vinos.com\/es\/"},{"@type":"ListItem","position":2,"name":"Vi\u00f1edos cerca del cielo"}]},{"@type":"WebSite","@id":"https:\/\/www.seclantas-adentro-vinos.com\/es\/#website","url":"https:\/\/www.seclantas-adentro-vinos.com\/es\/","name":"Seclantas Adentro","description":"An exceptional wine  The quintessence of the Calchaqu\u00ed Valley.","potentialAction":[{"@type":"SearchAction","target":{"@type":"EntryPoint","urlTemplate":"https:\/\/www.seclantas-adentro-vinos.com\/es\/?s={search_term_string}"},"query-input":"required name=search_term_string"}],"inLanguage":"es"}]}},"_links":{"self":[{"href":"https:\/\/www.seclantas-adentro-vinos.com\/es\/wp-json\/wp\/v2\/pages\/17","targetHints":{"allow":["GET"]}}],"collection":[{"href":"https:\/\/www.seclantas-adentro-vinos.com\/es\/wp-json\/wp\/v2\/pages"}],"about":[{"href":"https:\/\/www.seclantas-adentro-vinos.com\/es\/wp-json\/wp\/v2\/types\/page"}],"author":[{"embeddable":true,"href":"https:\/\/www.seclantas-adentro-vinos.com\/es\/wp-json\/wp\/v2\/users\/1"}],"replies":[{"embeddable":true,"href":"https:\/\/www.seclantas-adentro-vinos.com\/es\/wp-json\/wp\/v2\/comments?post=17"}],"version-history":[{"count":10,"href":"https:\/\/www.seclantas-adentro-vinos.com\/es\/wp-json\/wp\/v2\/pages\/17\/revisions"}],"predecessor-version":[{"id":2243,"href":"https:\/\/www.seclantas-adentro-vinos.com\/es\/wp-json\/wp\/v2\/pages\/17\/revisions\/2243"}],"wp:attachment":[{"href":"https:\/\/www.seclantas-adentro-vinos.com\/es\/wp-json\/wp\/v2\/media?parent=17"}],"curies":[{"name":"wp","href":"https:\/\/api.w.org\/{rel}","templated":true}]}}

Viñedos cerca del cielo

<h2><a href="http://www.seclantas-adentro-vinos.com/wp-content/uploads/2015/01/IMG_2783-e1422723309279.jpg"><img loading="lazy" decoding="async" class="size-medium wp-image-270 aligncenter" src="http://www.seclantas-adentro-vinos.com/wp-content/uploads/2015/01/IMG_2783-666x500.jpg" alt="IMG_2783" width="666" height="500" /></a></h2>
<h2 id="lugar" style="text-align: center;">Lugar</h2>
<p>La provincia de Salta es reconocida por su extraordinaria belleza y su patrimonio vitivinícola centenario. La gran mayoría de sus vides están plantadas en los Valles Calchaquíes, una sucesión de valles que se extienden de norte a sur a lo largo de la precordillera andina y cuyo majestuoso paisaje está dominado por un desierto mineral intercalado con algunos oasis de verdor a lo largo de las riberas de los ríos.<br />
Las principales haciendas vitivinícolas se concentran en torno a Cafayate, un pequeño poblado ubicado a 1700 metros sobre el nivel del mar, mientras que los Altos Valles Calchaquíes, de difícil acceso y con pocos recursos, son la última frontera, donde cultivar vides y elaborar vino es un logro.<br />
En el corazón de los Altos Valles Calchaquíes, a 2200 metros sobre el nivel del mar, nuestra finca de tan sólo 4 hectáreas de viñedos se ubica en el pequeño pueblo homónimo de Seclantas Adentro.</p>
<h2 style="text-align: center;"><a href="http://www.seclantas-adentro-vinos.com/wp-content/uploads/2015/01/IMG_00592-e1422727957764.jpg"><img loading="lazy" decoding="async" class="alignnone  wp-image-277" src="http://www.seclantas-adentro-vinos.com/wp-content/uploads/2015/01/IMG_00592-750x500.jpg" alt="IMG_0059" width="674" height="449" /></a></h2>
<h2 id="terruno" style="text-align: center;">Terruño</h2>
<p>A esta altura, las condiciones climáticas son extremas: la radiación solar es particularmente intensa, los inviernos son fríos, las heladas son frecuentes y la amplitud térmica, es decir, la diferencia de temperatura entre el día y la noche, puede alcanzar los 25°C en verano.<br />
Esta diferencia de temperatura favorece la concentración de taninos y la conservación de la acidez en las uvas.<br />
El suelo es arenoso con piedras calizas. Está formado por depósitos aluviales sobre una base de granito. Muy profundo, bajo en materia orgánica y permeable, permite que la uva desarrolle aromas únicos.</p>
<div id="attachment_143" style="width: 729px" class="wp-caption aligncenter"><a href="http://www.seclantas-adentro-vinos.com/wp-content/uploads/2014/07/IMG_0177-e1422723505664.jpg"><img loading="lazy" decoding="async" aria-describedby="caption-attachment-143" class="size-medium wp-image-143" src="http://www.seclantas-adentro-vinos.com/wp-content/uploads/2014/07/IMG_0177-719x500.jpg" alt="uvas de malbec en las vinas" width="719" height="500" /></a><p id="caption-attachment-143" class="wp-caption-text">uvas de malbec en las viñas</p></div>
<h2 id="las-vinas" style="text-align: center;">Viñas</h2>
<p>Desde 2007 plantamos 4 hectáreas de viñas francas de pié con una exposición óptima para cada una de las variedades de uva. Si el malbec recibe el sol directamente, el tannat está protegido por el follaje de los molles o aguaribay, árboles de pimienta rosa.<br />
Desde un principio, la gestión de la finca tuvo como objetivo la mínima intervención en el viñedo y el absoluto respeto por el terruño.<br />
El agua, vital para la supervivencia de las vides en este ambiente desértico, proviene de los deshielos de los Andes en primavera y de las lluvias en las altas montañas en verano. Es conducida por canales de una notable complejidad que datan de la época de los Incas y son administrados por la comunidad.<br />
Desde el viñedo hasta la bodega, todas las etapas de la elaboración del vino son íntegramente artesanales, reflejando así nuestra visión exigente, respetuosa de la tierra y sus productos.<br />
El momento de la vendimia se elige cada año cuando la uva está en su punto óptimo de maduración.<br />
Los rendimientos son muy bajos, como se puede imaginar, en torno a los 20 hl/ha.</p>

<p>Lugar La provincia de Salta es reconocida por su extraordinaria belleza y su patrimonio vitivinícola centenario. La gran mayoría de sus vides están plantadas en los Valles Calchaquíes, una sucesión de valles que se extienden de norte a sur a lo largo de la precordillera andina y cuyo majestuoso paisaje está dominado por un desierto [&hellip;]</p>

<!-- This site is optimized with the Yoast SEO plugin v20.4 - https://yoast.com/wordpress/plugins/seo/ -->
<title>Viñedos cerca del cielo - Seclantas Adentro</title>
<meta name="robots" content="index, follow, max-snippet:-1, max-image-preview:large, max-video-preview:-1" />
<link rel="canonical" href="https://www.seclantas-adentro-vinos.com/es/vinedos-cerca-del-cielo/" />
<meta property="og:locale" content="es_ES" />
<meta property="og:type" content="article" />
<meta property="og:title" content="Viñedos cerca del cielo - Seclantas Adentro" />
<meta property="og:description" content="Lugar La provincia de Salta es reconocida por su extraordinaria belleza y su patrimonio vitivinícola centenario. La gran mayoría de sus vides están plantadas en los Valles Calchaquíes, una sucesión de valles que se extienden de norte a sur a lo largo de la precordillera andina y cuyo majestuoso paisaje está dominado por un desierto [&hellip;]" />
<meta property="og:url" content="https://www.seclantas-adentro-vinos.com/es/vinedos-cerca-del-cielo/" />
<meta property="og:site_name" content="Seclantas Adentro" />
<meta property="article:publisher" content="https://www.facebook.com/seclantas.adentro" />
<meta property="article:modified_time" content="2023-06-06T17:44:31+00:00" />
<meta property="og:image" content="http://www.seclantas-adentro-vinos.com/wp-content/uploads/2015/01/IMG_2783-666x500.jpg" />
<meta name="twitter:card" content="summary_large_image" />
<meta name="twitter:label1" content="Tiempo de lectura" />
	<meta name="twitter:data1" content="3 minutos" />
<script type="application/ld+json" class="yoast-schema-graph">{"@context":"https://schema.org","@graph":[{"@type":"WebPage","@id":"https://www.seclantas-adentro-vinos.com/es/vinedos-cerca-del-cielo/","url":"https://www.seclantas-adentro-vinos.com/es/vinedos-cerca-del-cielo/","name":"Viñedos cerca del cielo - Seclantas Adentro","isPartOf":{"@id":"https://www.seclantas-adentro-vinos.com/es/#website"},"datePublished":"2014-05-30T14:11:42+00:00","dateModified":"2023-06-06T17:44:31+00:00","breadcrumb":{"@id":"https://www.seclantas-adentro-vinos.com/es/vinedos-cerca-del-cielo/#breadcrumb"},"inLanguage":"es","potentialAction":[{"@type":"ReadAction","target":["https://www.seclantas-adentro-vinos.com/es/vinedos-cerca-del-cielo/"]}]},{"@type":"BreadcrumbList","@id":"https://www.seclantas-adentro-vinos.com/es/vinedos-cerca-del-cielo/#breadcrumb","itemListElement":[{"@type":"ListItem","position":1,"name":"Accueil","item":"https://www.seclantas-adentro-vinos.com/es/"},{"@type":"ListItem","position":2,"name":"Viñedos cerca del cielo"}]},{"@type":"WebSite","@id":"https://www.seclantas-adentro-vinos.com/es/#website","url":"https://www.seclantas-adentro-vinos.com/es/","name":"Seclantas Adentro","description":"An exceptional wine  The quintessence of the Calchaquí Valley.","potentialAction":[{"@type":"SearchAction","target":{"@type":"EntryPoint","urlTemplate":"https://www.seclantas-adentro-vinos.com/es/?s={search_term_string}"},"query-input":"required name=search_term_string"}],"inLanguage":"es"}]}</script>
<!-- / Yoast SEO plugin. -->

Viñedos cerca del cielo - Seclantas Adentro

Lugar La provincia de Salta es reconocida por su extraordinaria belleza y su patrimonio vitivinícola centenario. La gran mayoría de sus vides están plantadas en los Valles Calchaquíes, una sucesión de valles que se extienden de norte a sur a lo largo de la precordillera andina y cuyo majestuoso paisaje está dominado por un desierto [&hellip;]

An exceptional wine  The quintessence of the Calchaquí Valley.
